{"id":107,"date":"2017-06-12T22:32:53","date_gmt":"2017-06-12T20:32:53","guid":{"rendered":"http:\/\/www.maxdupuy.fr\/?page_id=107"},"modified":"2019-06-09T11:36:46","modified_gmt":"2019-06-09T09:36:46","slug":"107-2","status":"publish","type":"page","link":"https:\/\/www.maxdupuy.fr\/index.php\/107-2\/","title":{"rendered":"Mon parcours"},"content":{"rendered":"<blockquote><p>De&nbsp; la peinture, ROTHKO disait :<br \/>\n<strong><em>\u00abSilence is so accurate&nbsp;!\u00bb<\/em><\/strong><br \/>\n<strong> <em> Le silence est si pr\u00e9cis&nbsp;!<\/em><\/strong><\/p><\/blockquote>\n<p>C\u2019est aussi&nbsp; mon avis.<br \/>\nVoil\u00e0 pourquoi, je pr\u00e9f\u00e8re, plut\u00f4t que&nbsp; d\u00e9crire une \u00e9ventuelle d\u00e9marche artistique<br \/>\nou&nbsp; ma pratique, conter ces quatre histoires :<\/p>\n<h1><\/h1>\n<h1>Premi\u00e8re histoire&nbsp;:<br \/>\nDans le village o\u00f9 je suis n\u00e9,<br \/>\nau sud de TOULOUSE, l\u2019imm\u00e9diat apr\u00e8s-guerre<\/h1>\n<p>&nbsp;<\/p>\n<p><img loading=\"lazy\" decoding=\"async\" class=\"aligncenter wp-image-108\" title=\"En classe\" src=\"http:\/\/www.maxdupuy.fr\/wp-content\/uploads\/2017\/06\/PHOTO_ENFANCE-300x287.jpg\" alt=\"Photo d'enfance\" width=\"400\" height=\"382\" srcset=\"https:\/\/www.maxdupuy.fr\/wp-content\/uploads\/2017\/06\/PHOTO_ENFANCE-300x287.jpg 300w, https:\/\/www.maxdupuy.fr\/wp-content\/uploads\/2017\/06\/PHOTO_ENFANCE.jpg 491w\" sizes=\"(max-width: 400px) 100vw, 400px\" \/><br \/>\nJe passe plus de temps \u00e0 r\u00eavasser (on disait alors, \u00eatre dans la lune&nbsp;!) qu\u2019au travail scolaire que je n\u2019aime gu\u00e8re. Un livre pourtant se r\u00e9v\u00e8le \u00e0 moi : les Fables de LA FONTAINE illustr\u00e9es par Benjamin RABIER. Les animaux qui se trouvent l\u00e0 sont \u00e0 mes yeux par\u00e9s de toutes les vertus&nbsp;: Ils sont \u00e9troitement li\u00e9s \u00e0 mon univers, ils sont en correspondance directe avec la vie de tous les jours, ils me sont&nbsp; plus r\u00e9els que les animaux qui peuplent mon environnement quotidien. L\u2019image fixe dans laquelle ils se d\u00e9ploient est rassurante, elle donne le temps, on peut la reprendre \u00e0 tout moment, au m\u00eame endroit, au m\u00eame point. J\u2019y retrouve&nbsp; chaque fois, des animaux gentils, souriants, sympathiques, bienveillants. L\u2019image est l\u00e0, immuable, dans sa stabilit\u00e9 s\u2019offrant \u00e0 la contemplation, elle me raconte des histoires qui vont bien au-del\u00e0 de la fable, et jusqu\u2019\u00e0 l\u2019infini. Je m\u2019y r\u00e9fugie, m\u2019y cache, je m\u2019y \u00e9vade, je me retrouve tout en s\u00e9curit\u00e9 dans ce monde&nbsp;!<\/p>\n<p>Ce besoin d\u2019image fixe ne m\u2019a jamais quitt\u00e9. Toutes les occasions me sont bonnes pour en re-cr\u00e9er, sur le papier, ou sur la toile&#8230;<\/p>\n<h1><\/h1>\n<h1>Deuxi\u00e8me histoire :<br \/>\nA l&rsquo;\u00e9cole des beaux-Arts de Toulouse<br \/>\ndans les ann\u00e9es 60<\/h1>\n<p><img loading=\"lazy\" decoding=\"async\" class=\"aligncenter wp-image-111\" title=\"Achirb\" src=\"http:\/\/www.maxdupuy.fr\/wp-content\/uploads\/2017\/06\/166-Achirb-294x300.jpg\" alt=\"166 Achirb\" width=\"400\" height=\"408\" srcset=\"https:\/\/www.maxdupuy.fr\/wp-content\/uploads\/2017\/06\/166-Achirb-294x300.jpg 294w, https:\/\/www.maxdupuy.fr\/wp-content\/uploads\/2017\/06\/166-Achirb-768x784.jpg 768w, https:\/\/www.maxdupuy.fr\/wp-content\/uploads\/2017\/06\/166-Achirb.jpg 784w\" sizes=\"(max-width: 400px) 100vw, 400px\" \/><\/p>\n<p>Je suis inscrit \u00e0 l&rsquo;atelier sup\u00e9rieur de peinture. Cet atelier est pour moi une d\u00e9couverte. Raoul BERGOUGNIAN est un Ma\u00eetre au sens de ma\u00eetre artisan: chez lui, le faire d\u00e9passe la capacit\u00e9 d&rsquo;expliquer, il nous donne \u00e0 voir. Il monte une nature morte avec trois pommes, une poire, une fleur, un foulard&#8230; et imm\u00e9diatement, une \u00e9motion picturale prend naissance. Il suffit de transposer les rapports du mod\u00e8le sur la toile. Encore que transposer n&rsquo;est pas simple: c&rsquo;est l&rsquo;acte de peindre que je d\u00e9couvre.<br \/>\nA&nbsp;ce travail de peintre, s&rsquo;ajoute la culture picturale et l&rsquo;enseignement de la couleur, transmis par Jacques FAUCHE, dans son atelier. Transmission qui se poursuit dans l&rsquo;intimit\u00e9 protectrice de nos d\u00e9placements hebdomadaires dans sa 2 cv. je puise l\u00e0, la foi n\u00e9cessaire \u00e0 ma vie d&rsquo;enseignant et \u00e0 ma pratique (elle me conf\u00e9rera l&rsquo;autorit\u00e9 que l&rsquo;\u00e9ducation nationale donne rarement au prof de dessin.): le caract\u00e8re sacr\u00e9 de la peinture, au sens ou elle est travers\u00e9e par la gr\u00e2ce. La gr\u00e2ce, c&rsquo;est ici la force, le miracle de la po\u00e9tique. L&rsquo;art porte en lui-m\u00eame son caract\u00e8re sacr\u00e9. Il n&rsquo;y a d&rsquo;art que sacr\u00e9, sinon, ce n&rsquo;est pas de l&rsquo;art. Il s&rsquo;agit alors de d\u00e9coration, d&rsquo;illustration, d&rsquo;ornementation, d&rsquo;esth\u00e9tisation.<\/p>\n<p>&nbsp;<\/p>\n<h1>Troisi\u00e8me histoire :<br \/>\nAnn\u00e9es 80, j\u2019enseigne les arts plastiques<br \/>\ndans un lyc\u00e9e du centre de la France<\/h1>\n<p>&nbsp;<\/p>\n<p><img loading=\"lazy\" decoding=\"async\" class=\"aligncenter wp-image-109\" title=\"La maxime de Max, les cahiers p\u00e9dagogiques\" src=\"http:\/\/www.maxdupuy.fr\/wp-content\/uploads\/2017\/06\/la_maxime_de_max-217x300.jpg\" alt=\"La maxime de Max\" width=\"400\" height=\"552\" srcset=\"https:\/\/www.maxdupuy.fr\/wp-content\/uploads\/2017\/06\/la_maxime_de_max-217x300.jpg 217w, https:\/\/www.maxdupuy.fr\/wp-content\/uploads\/2017\/06\/la_maxime_de_max-768x1060.jpg 768w, https:\/\/www.maxdupuy.fr\/wp-content\/uploads\/2017\/06\/la_maxime_de_max-742x1024.jpg 742w, https:\/\/www.maxdupuy.fr\/wp-content\/uploads\/2017\/06\/la_maxime_de_max.jpg 1159w\" sizes=\"(max-width: 400px) 100vw, 400px\" \/><\/p>\n<p>Un matin la proviseure, me croise dans le couloir&nbsp;: \u00ab&nbsp;Le couloir est bien triste, vous devriez penser \u00e0 le d\u00e9corer&nbsp;!&nbsp;\u00bb&nbsp; Je fulmine&nbsp;! Bien qu\u2019habitu\u00e9 au regard d\u00e9coratif que l\u2019on pose sur le professeur de dessin, je n\u2019ai jamais accept\u00e9 d\u2019endosser ce r\u00f4le et je ne supporte pas qu\u2019on me le jette \u00e0 la figure en toute d\u00e9sinvolture&nbsp;! Je reviens le lendemain matin avec ma col\u00e8re en bandouli\u00e8re et avec\u2026 la \u00ab&nbsp;d\u00e9co&nbsp;\u00bb toute pr\u00eate&nbsp;!&nbsp;: vingt-quatre carr\u00e9s noirs parfaits, bien align\u00e9s, et bien rang\u00e9s, et un carr\u00e9 noir froiss\u00e9 mal dispos\u00e9, en d\u00e9sordre, l\u00e9gend\u00e9&nbsp;:&nbsp;\u00ab&nbsp; mauvais \u00e9l\u00e8ve&nbsp;\u00bb. J\u2019affiche tout cela, en encadr\u00e9 sur&nbsp; le mur du couloir. La r\u00e9action de la proviseure est imm\u00e9diate, elle est furieuse&nbsp;!<\/p>\n<p>Je prends conscience \u00e0 ce moment-l\u00e0 de deux nouvelles convictions qui d\u00e9termineront la suite&nbsp;de mon travail: La peinture, par ce qu\u2019elle montre, est un acte de r\u00e9sistance, m\u00eame lorsqu\u2019elle n\u2019a rien de figuratif ou d\u2019agressif.<\/p>\n<p>L\u2019expressivit\u00e9 du carr\u00e9, figure g\u00e9om\u00e9trique simple, m\u2019appara\u00eet comme un \u00e9l\u00e9ment de vocabulaire plastique \u00e0 privil\u00e9gier (et il me sera permis de l\u2019exprimer pendant pr\u00e8s de dix ans dans une revue,\u00a0\u00bbLes cahiers p\u00e9dagogiques\u00a0\u00bb).<\/p>\n<h1><\/h1>\n<h1>Quatri\u00e8me histoire&nbsp;:<br \/>\nJuillet 2000<\/h1>\n<p>&nbsp;<\/p>\n<p><img loading=\"lazy\" decoding=\"async\" class=\"wp-image-119 aligncenter\" title=\"Max Dupuy et Jacques Fauch\u00e9\" src=\"http:\/\/www.maxdupuy.fr\/wp-content\/uploads\/2017\/06\/max_jacques-1-300x297.jpg\" alt=\"Max Dupuy et Jacques Fauch\u00e9\" width=\"400\" height=\"396\" srcset=\"https:\/\/www.maxdupuy.fr\/wp-content\/uploads\/2017\/06\/max_jacques-1-300x297.jpg 300w, https:\/\/www.maxdupuy.fr\/wp-content\/uploads\/2017\/06\/max_jacques-1-150x150.jpg 150w, https:\/\/www.maxdupuy.fr\/wp-content\/uploads\/2017\/06\/max_jacques-1.jpg 341w\" sizes=\"(max-width: 400px) 100vw, 400px\" \/><\/p>\n<p>J\u2019expose \u00e0 MIREPOIX dans l\u2019Ari\u00e8ge. Jacques et Arlette FAUCHE viennent m\u2019y visiter avec, comme toujours, beaucoup de bienveillance et d\u2019affection. Leur regard m\u2019importe. Il y a bien longtemps que je n\u2019ai pas eu l\u2019occasion de leur montrer mon travail. Ils me proposent de rejoindre le Collectif qui n\u2019est pas encore OCTOGONE. C\u2019est beaucoup d\u2019honneur, beaucoup de plaisir, beaucoup de fiert\u00e9. Et m\u00eame pas d\u2019angoisse&nbsp;!<\/p>\n<p>En m\u00eame temps, ils m\u2019ouvrent toutes grandes les portes de la couleur qui tr\u00e8s timidement venait \u00e0 moi. Alors, puisque&nbsp; j\u2019y suis invit\u00e9, je travaille. Je dose les valeurs,&nbsp; les saturations, et les teintes et plus j\u2019avance, plus le travail est exigeant, plus la satisfaction est grande.<\/p>\n<p>&nbsp;<\/p>\n<p><strong>Et la magie op\u00e8re. D\u00e8s qu\u2019une toile est \u00ab&nbsp;juste&nbsp;\u00bb, le miracle se produit.<\/strong><\/p>\n","protected":false},"excerpt":{"rendered":"<p>De&nbsp; la peinture, ROTHKO disait : \u00abSilence is so accurate&nbsp;!\u00bb Le silence est si pr\u00e9cis&nbsp;! C\u2019est aussi&nbsp; mon avis. Voil\u00e0 pourquoi, je pr\u00e9f\u00e8re, plut\u00f4t que&nbsp; d\u00e9crire une \u00e9ventuelle d\u00e9marche artistique ou&nbsp; ma pratique, conter ces quatre histoires : Premi\u00e8re histoire&nbsp;: Dans le village o\u00f9 je suis n\u00e9, au sud de TOULOUSE, l\u2019imm\u00e9diat apr\u00e8s-guerre &nbsp; Je [&hellip;]<\/p>\n","protected":false},"author":1,"featured_media":0,"parent":0,"menu_order":0,"comment_status":"closed","ping_status":"closed","template":"","meta":{"footnotes":""},"_links":{"self":[{"href":"https:\/\/www.maxdupuy.fr\/index.php\/wp-json\/wp\/v2\/pages\/107"}],"collection":[{"href":"https:\/\/www.maxdupuy.fr\/index.php\/wp-json\/wp\/v2\/pages"}],"about":[{"href":"https:\/\/www.maxdupuy.fr\/index.php\/wp-json\/wp\/v2\/types\/page"}],"author":[{"embeddable":true,"href":"https:\/\/www.maxdupuy.fr\/index.php\/wp-json\/wp\/v2\/users\/1"}],"replies":[{"embeddable":true,"href":"https:\/\/www.maxdupuy.fr\/index.php\/wp-json\/wp\/v2\/comments?post=107"}],"version-history":[{"count":25,"href":"https:\/\/www.maxdupuy.fr\/index.php\/wp-json\/wp\/v2\/pages\/107\/revisions"}],"predecessor-version":[{"id":1033,"href":"https:\/\/www.maxdupuy.fr\/index.php\/wp-json\/wp\/v2\/pages\/107\/revisions\/1033"}],"wp:attachment":[{"href":"https:\/\/www.maxdupuy.fr\/index.php\/wp-json\/wp\/v2\/media?parent=107"}],"curies":[{"name":"wp","href":"https:\/\/api.w.org\/{rel}","templated":true}]}}