{"id":2,"date":"2017-06-12T12:04:40","date_gmt":"2017-06-12T10:04:40","guid":{"rendered":"http:\/\/www.maxdupuy.fr\/?page_id=2"},"modified":"2017-07-03T09:54:54","modified_gmt":"2017-07-03T07:54:54","slug":"page-d-exemple","status":"publish","type":"page","link":"https:\/\/www.maxdupuy.fr\/index.php\/page-d-exemple\/","title":{"rendered":"Ma d\u00e9marche"},"content":{"rendered":"<p>Parler de mon travail m&rsquo;a toujours paru difficile, sans doute parce que j&rsquo;y suis dedans. N\u00e9anmoins, sachant que je ne me r\u00e9clame d\u2019aucun des mouvements de la peinture actuelle, ni performances, ni installations, et que je reste tr\u00e8s simplement, mais tr\u00e8s profond\u00e9ment, attach\u00e9 \u00e0 la peinture avec quelques principes simples\u00a0qui me sont propres, je puis ici rappeler ce qui m\u2019obs\u00e8de depuis pr\u00e8s de cinquante ann\u00e9es et qui pr\u00e9side constamment \u00e0 ma recherche:<\/p>\n<ul>\n<li>Peindre, pour moi, c\u2019est poser de la couleur sur une surface plane limit\u00e9e, \u00e0 respecter. Rien d\u2019autre. C\u2019est simple, nullement simpliste, mais c\u2019est bien, l\u00e0, tout le probl\u00e8me.<\/li>\n<li>Le respect du plan est en cons\u00e9quence un imp\u00e9ratif. Il exige donc\u00a0 le rejet de tous artifices illusionnistes, du type\u00a0\u00abperspective\u00bb, ou tout autre faux semblant.<\/li>\n<li>\u00a0Le tableau est une r\u00e9alit\u00e9 en soi. Il ne se veut nullement une quelconque repr\u00e9sentation d\u2019une autre r\u00e9alit\u00e9.<\/li>\n<li>La peinture, enfin, pour moi, n\u2019est ni le lieu, ni le moment d\u2019une dimension psychologique ou expressionniste.<\/li>\n<\/ul>\n<p><img loading=\"lazy\" decoding=\"async\" class=\"aligncenter wp-image-342\" title=\"M\u00e9lange de la peintre\" src=\"http:\/\/www.maxdupuy.fr\/wp-content\/uploads\/2017\/06\/MELANGE_DE_LA_PEINTURE-298x300.jpg\" alt=\"M\u00e9lange de la peintre\" width=\"500\" height=\"503\" srcset=\"https:\/\/www.maxdupuy.fr\/wp-content\/uploads\/2017\/06\/MELANGE_DE_LA_PEINTURE-298x300.jpg 298w, https:\/\/www.maxdupuy.fr\/wp-content\/uploads\/2017\/06\/MELANGE_DE_LA_PEINTURE-150x150.jpg 150w, https:\/\/www.maxdupuy.fr\/wp-content\/uploads\/2017\/06\/MELANGE_DE_LA_PEINTURE-768x773.jpg 768w, https:\/\/www.maxdupuy.fr\/wp-content\/uploads\/2017\/06\/MELANGE_DE_LA_PEINTURE-1017x1024.jpg 1017w, https:\/\/www.maxdupuy.fr\/wp-content\/uploads\/2017\/06\/MELANGE_DE_LA_PEINTURE.jpg 1058w\" sizes=\"(max-width: 500px) 100vw, 500px\" \/><\/p>\n<p>&nbsp;<\/p>\n<p>Partant de ces principes simples, il m\u2019appara\u00eet en cons\u00e9quence tr\u00e8s clairement que, (et je reprends ici \u00e0 mon compte les termes de Jacques Fauch\u00e9 en introduction de l\u2019ouvrage \u00ab\u00c0 la recherche de la couleur\u00bb que nous avons partag\u00e9) :<\/p>\n<blockquote><p><strong><em>\u00abPeindre, c\u2019est \u00e9tablir des relations singuli\u00e8res entre des \u00e9l\u00e9ments color\u00e9s sur une surface plane, la transformant ainsi en un espace sp\u00e9cifique. Espace construit, espace concret qui peut \u00eatre l\u00e9gitimement d\u00e9sign\u00e9 comme \u00e9tant de la peinture, \u00e0 la condition cependant que soit rigoureusement respect\u00e9 la plan\u00e9it\u00e9 du support. La surface plane est l\u2019aire de vie fondamentale de la couleur, son lieu sp\u00e9cifique\u00a0; on ne saurait d\u00e8s lors parler de \u00ab\u00a0couleur\u00a0\u00bb ni dans l\u2019espace, ni dans la nature. Dans l\u2019espace ou dans la nature, il n\u2019y a pas de \u00ab\u00a0couleur\u00a0\u00bb, il n\u2019y a que des ph\u00e9nom\u00e8nes color\u00e9s .\u00a0 Il n\u2019y a plus de distinction entre le fond et la forme. L\u2019un et l\u2019autre ont la m\u00eame importance. L\u2019\u00e9motion ne na\u00eet pas de la dimension ou de la forme du\u00a0 support mais de l\u2019exigence de v\u00e9rit\u00e9.\u00bb<\/em><\/strong><\/p><\/blockquote>\n<p>On comprend qu\u2019il n\u2019est donc besoin d\u2019aucun artifice. Ils ne sont que pathos inutiles voire polluants. C\u2019est pourquoi, je tends donc \u00e0 r\u00e9duire\u00a0 mon dessin au minimum sans entrer dans le minimalisme. Le carr\u00e9, forme simple s\u2019il en est, me permet ainsi, de faire vibrer les couleurs, de les mettre en valeur sans les perturber par un\u00a0 dessin trop pr\u00e9gnant. C\u2019est ma fa\u00e7on de trouver l\u2019essence de la couleur, essentiellement\u00a0 dans des aplats; et, l\u2019acrylique reste actuellement, le mat\u00e9riau le mieux appropri\u00e9 pour cela.<\/p>\n<p>Enfin, je pense profond\u00e9ment que la peinture n\u2019existe, que dans l\u2019\u00e9motion qu\u2019elle engendre chez celui qui la regarde, sa sensibilit\u00e9 saura lui donner tout son sens.\u00a0 Ce qui est \u00e0 dire, est dans la peinture elle-m\u00eame, et qu\u2019il n\u2019y a rien d\u2019autre \u00e0 en dire, il n\u2019est donc qu\u2019\u00e0 inviter le regard.<\/p>\n","protected":false},"excerpt":{"rendered":"<p>Parler de mon travail m&rsquo;a toujours paru difficile, sans doute parce que j&rsquo;y suis dedans. N\u00e9anmoins, sachant que je ne me r\u00e9clame d\u2019aucun des mouvements de la peinture actuelle, ni performances, ni installations, et que je reste tr\u00e8s simplement, mais tr\u00e8s profond\u00e9ment, attach\u00e9 \u00e0 la peinture avec quelques principes simples\u00a0qui me sont propres, je puis [&hellip;]<\/p>\n","protected":false},"author":1,"featured_media":0,"parent":0,"menu_order":0,"comment_status":"closed","ping_status":"closed","template":"","meta":{"footnotes":""},"_links":{"self":[{"href":"https:\/\/www.maxdupuy.fr\/index.php\/wp-json\/wp\/v2\/pages\/2"}],"collection":[{"href":"https:\/\/www.maxdupuy.fr\/index.php\/wp-json\/wp\/v2\/pages"}],"about":[{"href":"https:\/\/www.maxdupuy.fr\/index.php\/wp-json\/wp\/v2\/types\/page"}],"author":[{"embeddable":true,"href":"https:\/\/www.maxdupuy.fr\/index.php\/wp-json\/wp\/v2\/users\/1"}],"replies":[{"embeddable":true,"href":"https:\/\/www.maxdupuy.fr\/index.php\/wp-json\/wp\/v2\/comments?post=2"}],"version-history":[{"count":14,"href":"https:\/\/www.maxdupuy.fr\/index.php\/wp-json\/wp\/v2\/pages\/2\/revisions"}],"predecessor-version":[{"id":820,"href":"https:\/\/www.maxdupuy.fr\/index.php\/wp-json\/wp\/v2\/pages\/2\/revisions\/820"}],"wp:attachment":[{"href":"https:\/\/www.maxdupuy.fr\/index.php\/wp-json\/wp\/v2\/media?parent=2"}],"curies":[{"name":"wp","href":"https:\/\/api.w.org\/{rel}","templated":true}]}}